i**2 + 1920*i + 24838. Determine z(-16).
6
Let o(t) = -6*t**2 - 3094*t + 31026. Determine o(10).
-514
Let f(s) = s**3 - 77*s**2 + 2450*s - 16534. Give f(9).
8
Let a(n) = 17654*n + 282470. What is a(-16)?
6
Let t(p) = 7*p**3 - 1637*p**2 - 234*p - 1078. Give t(234).
-1078
Let z(c) = 231283*c + 4163095. Determine z(-18).
1
Let x(b) = -115137*b + 805941. What is x(7)?
-18
Let z(n) = -n**3 - 2*n**2 - 2740*n - 22237. Calculate z(-8).
67
Let a(m) = -24066*m - 433207. Determine a(-18).
-19
Let k(h) = -4*h**2 - 802*h - 30529. Give k(-149).
165
Let s(d) = 5*d**2 + 612*d - 1877. Calculate s(3).
4
Let u(w) = 1942*w + 107153. What is u(-54)?
2285
Let g(b) = -b**2 + 6093*b - 6700321. What is g(1440)?
-1
Let w(f) = -1262*f + 17993. Calculate w(15).
-937
Let b(q) = 198*q + 6138. Determine b(-31).
0
Let y(g) = -g**3 - 487*g**2 - 555*g - 33478. Determine y(-486).
56
Let s(f) = 747*f - 305532. Give s(409).
-9
Let s(r) = r**3 - 25*r**2 - 59*r + 847. Calculate s(26).
-11
Let m(o) = -2011*o + 5945. Give m(3).
-88
Let w(d) = 2*d**3 + 10*d**2 - 51*d - 13. Calculate w(-10).
-503
Let v(f) = 63375*f - 7. Determine v(0).
-7
Let l(k) = k**3 + 108*k**2 - 1292*k - 309. Give l(11).
-122
Let u(d) = 57*d**3 + 155*d**2 - 280*d - 15. Determine u(-4).
-63
Let f(d) = -d**3 - 16*d**2 + 1604*d + 24292. Determine f(-15).
7
Let c(j) = 261*j**2 - 11224*j - 98. What is c(43)?
-141
Let x(q) = -1656*q + 18100. Give x(11).
-116
Let q(k) = -k**3 - 10*k**2 - 300*k - 3020. What is q(-10)?
-20
Let c(i) = -2*i**3 - 28*i**2 + 161*i + 1813. Determine c(-15).
-152
Let g(q) = -7*q**3 - 14*q**2 - 66*q - 108. Determine g(-2).
24
Let g(d) = 62*d - 15316. Calculate g(247).
-2
Let d(z) = -3*z**3 + 12*z**2 + 1530*z - 7653. Calculate d(5).
-78
Let s(x) = -x**3 - 198*x**2 + 3891*x + 619. Determine s(-216).
-29
Let g(r) = 55*r**2 - 872*r + 39. Give g(20).
4599
Let z(j) = 151983*j - 911818. Determine z(6).
80
Let o(q) = q**3 - 51*q**2 + 298*q + 10. What is o(10)?
-1110
Let l(m) = 2*m**3 - 28*m**2 + 338*m - 6407. Determine l(16).
25
Let v(g) = 353*g + 6677. Give v(-17).
676
Let k(x) = 21*x**3 + 18550*x**2 + 6174*x - 6187. Calculate k(-883).
-6
Let l(a) = -83*a**2 - 10130*a - 396. Give l(-122).
92
Let y(j) = -36*j**2 + 85*j - 178. Calculate y(4).
-414
Let s(j) = -j**3 + 57*j**2 + 378*j - 29154. Determine s(54).
6
Let a(f) = 38*f**3 - 3*f**2 + 113*f + 113. Give a(-1).
-41
Let d(p) = -2*p**2 + 2779*p + 774690. Calculate d(-238).
0
Let u(g) = 249*g + 18469. What is u(-69)?
1288
Let x(u) = 125414*u + 2382872. Determine x(-19).
6
Let t(b) = -9*b**2 - 199*b + 2689. What is t(17)?
-3295
Let r(j) = 57*j**2 + 757*j - 556. Calculate r(-14).
18
Let p(h) = 611*h + 15311. Give p(-25).
36
Let h(v) = 3*v**3 + 3*v**2 + 447*v + 2382. Give h(-5).
-153
Let w(s) = -12345*s + 222169. Calculate w(18).
-41
Let n(q) = 217009*q + 1519125. Give n(-7).
62
Let w(y) = y**3 - 33*y**2 - 582*y - 1967. Calculate w(-8).
65
Let g(d) = -24763*d - 866703. Determine g(-35).
2
Let c(x) = 269916*x**2 + 4048743*x + 52. What is c(-15)?
7
Let h(o) = 5*o**2 + 2805*o - 5634. Give h(2).
-4
Let r(x) = 135*x**2 + 2044*x + 242. Give r(-15).
-43
Let k(w) = -151331*w + 756646. Determine k(5).
-9
Let m(s) = -2199*s - 243751. Give m(-111).
338
Let k(q) = -q**3 + 31*q**2 + 175*q - 1873. Determine k(10).
1977
Let q(x) = -237*x - 6227. What is q(-25)?
-302
Let x(l) = 426*l - 62568. What is x(147)?
54
Let d(u) = -u**3 - 97*u**2 - 2261*u + 71. What is d(-58)?
13
Let u(d) = 5*d**3 + 316*d**2 - 1715*d - 6. Determine u(6).
2160
Let l(j) = -j**2 - 76*j - 1521. What is l(-51)?
-246
Let k(p) = p**2 + 237*p + 7308. Give k(-42).
-882
Let i(n) = 6*n**2 - 35123*n - 70244. Calculate i(-2).
26
Let n(h) = 286*h**2 - 3120*h - 6240. What is n(-2)?
1144
Let k(v) = 234*v**2 + 2362*v + 205. Give k(-10).
-15
Let s(y) = 45*y**2 + 754*y + 52. What is s(-17)?
239
Let o(z) = 5*z**3 + 227*z**2 - 1980*z - 96. What is o(9)?
4116
Let n(d) = d**3 + 350*d**2 - 11449*d - 2950251. Give n(-359).
11
Let w(r) = -5*r**2 + 133*r - 224. What is w(25)?
-24
Let f(x) = x**3 - 41*x**2 - 274*x - 25. Calculate f(47).
351
Let m(l) = -l**3 + 63*l**2 - 515*l - 790. Calculate m(53).
5
Let f(j) = -8*j**2 - 8*j + 58. What is f(-10)?
-662
Let o(k) = -k**3 - 3*k**2 + 22*k + 39. Calculate o(-7).
81
Let v(y) = -2*y**3 + 708*y**2 - 2077*y - 10198. Give v(351).
-19
Let x(b) = 11*b**2 + 5978*b + 101579. Calculate x(-17).
3132
Let r(x) = 238762*x + 26. Calculate r(0).
26
Let t(b) = -81830*b - 327322. What is t(-4)?
-2
Let s(o) = o**3 - 103*o**2 + 6383*o - 674635. Give s(104).
13
Let m(p) = -126*p**2 - 7238*p - 3189. Calculate m(-57).
3
Let p(t) = -9*t**2 - 6220*t + 6222. Give p(1).
-7
Let j(u) = -u**3 + 111*u**2 - 832*u + 73. Calculate j(8).
9
Let g(h) = -5*h**2 + 4360*h + 26127. Determine g(-6).
-213
Let q(u) = -u**3 - 140*u**2 + 44*u - 55058. Give q(-143).
-3
Let q(a) = -a**3 + 680*a**2 + 39632*a + 2945. Calculate q(734).
9
Let k(i) = 3*i**3 + 14*i**2 + 2031*i - 15930. Calculate k(7).
2
Let f(q) = -49*q - 984. What is f(-29)?
437
Let g(x) = -23*x**2 + 493*x - 201. What is g(23)?
-1029
Let d(l) = 11*l**3 - 23*l + 72. Calculate d(2).
114
Let h(w) = w**2 - 486*w - 21405. What is h(-41)?
202
Let g(r) = 12437*r - 3171430. Determine g(255).
5
Let f(m) = 15132*m + 63. Determine f(0).
63
Let n(d) = -36*d**3 + 2*d**2 - 8. Determine n(3).
-962
Let f(l) = -2*l**3 - 40*l**2 + 53*l + 344. What is f(-21)?
113
Let v(u) = 6*u**2 + 968*u + 7657. Determine v(-153).
7
Let r(m) = 12*m**2 - 3380*m + 9011. What is r(279)?
83
Let l(s) = 3*s**3 + 455*s**2 + 453*s + 22797. Calculate l(-151).
-4
Let y(v) = -4*v**2 - 1376*v - 118215. Determine y(-178).
-23
Let i(m) = -20*m**3 + 137*m**2 + 15*m - 29. Determine i(7).
-71
Let q(k) = 2990*k + 2394951. Calculate q(-801).
-39
Let t(g) = g**3 - 8*g**2 - 35413*g - 106162. Give t(-3).
-22
Let y(x) = x**2 + 511*x + 61731. Calculate y(-315).
-9
Let x(y) = 1070*y + 16227. Determine x(-15).
177
Let y(p) = 10388*p - 1558019. What is y(150)?
181
Let s(o) = -3*o**3 + 19*o**2 + 245*o - 29. What is s(-9)?
1492
Let s(b) = 9*b**3 - 863*b**2 - 2777*b + 138. Determine s(99).
-357
Let u(i) = i**3 - 6*i**2 + 155*i - 1407. Give u(11).
903
Let d(l) = l**2 - 5231*l - 173682. What is d(-33)?
30
Let f(y) = -595*y**2 - 4559*y + 4558. What is f(1)?
-596
Let l(p) = -p**3 + 13*p**2 + 485*p + 23. Determine l(-16).
-313
Let p(u) = 78*u**2 - 1740*u + 3485. What is p(2)?
317
Let n(a) = 453*a - 173953. Determine n(384).
-1
Let v(c) = 57*c**3 - 457*c**2 - 586*c + 4664. Calculate v(8).
-88
Let y(s) = -3117165*s + 15585823. Calculate y(5).
-2
Let z(o) = -11946*o**2 - 1564924*o + 260. Calculate z(-131).
-2
Let w(a) = 8212*a + 459704. Determine w(-56).
-168
Let u(x) = -x**2 - 41261*x + 13683114. What is u(329)?
4
Let g(r) = -2*r**2 - 20458*r - 957119. What is g(-47)?
-11
Let j(d) = -714*d - 6542. Calculate j(-9).
-116
Let o(t) = -9*t**2 - 1645*t - 504. Determine o(-183).
-870
Let s(w) = 2*w**3 + 30*w**2 + 143*w + 1240. Calculate s(-18).
-3278
Let m(a) = 2*a**2 + 1328*a + 213497. Calculate m(-391).
11
Let n(r) = -r**3 - 4*r**2 + 19*r + 8. Calculate n(-6).
-34
Let v(h) = 3460*h + 16967. What is v(-7)?
-7253
Let c(f) = 28*f**2 - 7464*f + 50970. Give c(7).
94
Let k(c) = c**3 - 1096*c**2 - 1381*c + 311560. Calculate k(1097).
12
Let b(h) = -287*h - 3650. Determine b(-14).
368
Let g(p) = -181*p**2 - 1605*p + 1607. Calculate g(1).
-179
Let m(f) = 950*f + 139652. Determine m(-147).
2
Let v(p) = 76634*p - 3831689. What is v(50)?
11
Let h(z) = -z**3 + z**2 - 749*z - 5296. Give h(-7).
339
Let a(t) = 13*t**2 - 11541*t + 11542. What is a(1)?
14
Let y(k) = -6*k**3 + 967*k**2 - 146*k - 3620. Give y(161).
-1205
Let w(u) = -1701*u - 37531. What is w(-22)?
-109
Let k(y) = -3*y**3 + 635*y**2 - 33165*y + 91. Give k(118).
-735
Let t(m) = -5*m**3 - 262*m**2 + 713*m - 65. What is t(-55)?
45
Let f(k) = -198805*k**2 - 1192830*k + 16. Calculate f(-6).
16
Let s(j) = -2136*j + 12823. What is s(6)?
7
Let j(h) = -68635*h + 1098121. Give j(16).
-39
Let d(k) = 10426*k + 604713. Calculate d(-58).
5
Let k(c) = -4528*c + 58217. Determine k(13).
-647
Let x(o) = -31687*o + 190114. Give x(6).
-8
Let o(j) = 4*j**2 - 63*j + 188. Determine o(-7).
825
Let z(y) = 42*y**2 + 165172*y - 165172. Determine z(1).
42
Let k(w) = -952*w + 413. Calculate k(3).
-2443
Let h(y) = -y**3 - 50